 651 + 862. What is the thousands digit of t?
1
Let a(n) = -n - 2. Let v be a(-13). Suppose 16*j - v*j = 910. What is the units digit of j?
2
Let q = 1302 + -25. What is the units digit of q?
7
Suppose 8*f = -2427 - 853. What is the tens digit of f/(-5) + 0 + 3?
8
Let i(m) be the second derivative of 5*m**4/12 + 5*m**3/6 + 3*m**2 - 5*m. Let g be i(-3). Suppose -g = -5*a + 19. What is the units digit of a?
1
What is the tens digit of (-416 - (2 + -1))*14/(-14)?
1
Let u(h) = 15*h**2 - 2*h + 1. Let l be u(1). Let v = -3 - l. Let a = v - -41. What is the tens digit of a?
2
Let c be (-2 + 7)/(0 + 1). Suppose 3*b - 252 = -b - c*f, -3*b - 3*f = -189. What is the units digit of b?
3
Let c = 1 - -1. Let w be (c/5)/(8/20). Let u = 3 - w. What is the units digit of u?
2
Let u be -7*7/((-28)/276). Suppose -9*m + u - 141 = 0. What is the units digit of m?
8
Let i(a) = a**3 - 12*a**2 + 9*a + 15. Let q be i(12). Suppose -3*j + 357 = -q. What is the tens digit of j?
6
Suppose 0 = 2*y - y. Let o be -1 - ((6 - 3) + y). What is the tens digit of (0 - -1)/(o/(-232))?
5
Let u be -2 + 1/(-4) + 290/40. Suppose 0 = -5*y - u*l + 585, -5*y - 3*l - 31 + 614 = 0. What is the tens digit of y?
1
Let u = 145 + -135. What is the units digit of (-542)/((-12)/9*15/u)?
1
Suppose -z = -5*x + 7241, -8*z + 7242 = 5*x - 10*z. What is the hundreds digit of x?
4
Suppose 0 = b + t + 4*t - 11, -t = -b + 29. What is the units digit of 2405/b*(-8)/(-10)?
4
Let x(c) = c - 1. Let j be x(1). Suppose -2*d = l - 6, j = -4*l - 3*d + 4 + 5. Suppose 4*o + m - 34 = l, -o + 4*o - 22 = m. What is the units digit of o?
8
Suppose -5*l = h - 2, h + 2 = 2*h + 2*l. Let g be 8/h - 20/5. Suppose 4*d + 164 = 4*n, 3*n + n - d - 176 = g. What is the tens digit of n?
4
Suppose 3*s + 11 = -5*a, 3*s - 3 = 5*a + 2*s. Let l = -1 + a. What is the units digit of -12*((-6)/2 - l)?
2
Let p(x) = x**2 - 7*x - 4. Let m be p(8). Suppose m*v + 272 = 1316. What is the units digit of v?
1
What is the thousands digit of ((-3225)/(-2))/(54/72)?
2
Let t = -15 - -16. Let h(q) = -5*q**2 - 1. Let n be h(t). Let u(m) = -m**3 - 6*m**2 - 2*m + 10. What is the units digit of u(n)?
2
Suppose -8*t = 12*x - 7*x - 3921, -5*t - 3*x + 2450 = 0. What is the tens digit of t?
8
Let p = -21 - -4. Let q = p - -6. What is the units digit of (-1 - q) + 9 + -9?
0
Let l = -56 + 152. Suppose u = -q + 33, 4*q = 7*u - 2*u + l. What is the tens digit of q?
2
Let o(r) = 2*r**2 - 7*r. Let x(m) = -m + 12. Let k be x(5). What is the units digit of o(k)?
9
Suppose -5*h = 2*f - 640, -3*h - 23 = -f + 308. What is the units digit of f?
5
Suppose 0 = -11*n + 5*n + 30. Suppose 4*j = -5*o + 13, -n*o = -0*o + 15. Suppose -5*y + 3*r = -35 + 5, 0 = -3*y + 4*r + j. What is the units digit of y?
9
What is the hundreds digit of 4 - (3 - (-2 + -4 - -1694))?
6
Let a(n) = n**3 + 19*n**2 + 14*n - 40. What is the units digit of a(-18)?
2
Let b(f) = -13*f + 35. Let x(z) = 72*z - 192. Let w be (-3 - -9) + -4 - 30. Let c(q) = w*b(q) - 5*x(q). What is the tens digit of c(15)?
4
Let q be (3/5)/((-1)/(-235)). Let k = q - 74. What is the tens digit of k?
6
Let w(q) be the first derivative of q**3/3 + 8*q**2 - 12*q + 4. Let v be w(-13). Let g = 81 + v. What is the units digit of g?
0
Let s(h) = 141*h**2 + 4*h - 84. What is the tens digit of s(-4)?
5
Suppose 2*g = 3*c - g + 3, -5*c + 45 = 5*g. Suppose -22 = -c*v + 42. Suppose 0 = q - v - 48. What is the tens digit of q?
6
Let h be (-27)/(-45) - 7/(-5). Suppose 0 = h*d - 379 - 67. What is the tens digit of d?
2
Suppose 3*c + 16 + 53 = 0. Let f = c + 26. What is the units digit of (0 - f) + 0 + 30?
7
Let o(l) = 2*l**2 - 20*l + 91. What is the tens digit of o(-23)?
0
Let m = -3631 - -6411. What is the tens digit of m?
8
Let i be 7 - ((-4)/(-3))/(8/12). Suppose -i*s + 56 = -s. What is the tens digit of s?
1
Let p(h) = -158*h - 390. What is the hundreds digit of p(-8)?
8
Let p(g) be the third derivative of g**6/120 - g**5/30 + g**3/3 + 3*g**2. Suppose 0 = -3*f + 2 - 5, -12 = -4*b - 4*f. What is the units digit of p(b)?
4
Suppose 0 + 6 = -3*x. Let g be (-4)/(-3)*(-3)/x. Suppose g*u = -o + 41, 40 = u + 3*o + 7. What is the tens digit of u?
1
Let j(h) = 3*h - 6. Let s be j(2). What is the hundreds digit of s/(-5) - (-1272)/6?
2
Suppose 2*r = 5*v - 5731, -4*v - 55*r + 50*r + 4565 = 0. What is the tens digit of v?
4
Let s be (42 - -6)*1/2. Let t = 15 - s. What is the tens digit of t + 5 + 3*11?
2
Let d(b) = -2 - 4*b - 8*b + 34*b + 15*b. What is the units digit of d(4)?
6
Suppose -2*c = -4*h - 5338, c = -h - 2*h + 2649. What is the thousands digit of c?
2
Suppose -2*x + 8 = -0. Suppose 0*q - 16 = -4*p + 4*q, -x*p - 3*q - 5 = 0. What is the units digit of 1 - 10*p/(-2)?
6
Suppose 7*f - 10080 = -7*f. What is the hundreds digit of f?
7
Let z(n) = 357*n**2 - 7*n - 14. What is the hundreds digit of z(-2)?
4
Let l(a) = 2*a - 7. Let g = 28 - -39. Suppose 5*q + 4*i + 0*i - g = 0, -3*q - i + 43 = 0. What is the tens digit of l(q)?
2
Suppose -8*u + 5*u - 54 = 0. Let r = 33 + u. What is the tens digit of r?
1
Suppose -8709 = 17*n - 42148. What is the thousands digit of n?
1
Let f(t) = -39*t + 589. What is the hundreds digit of f(-4)?
7
Suppose 5*t = -n + 1406, -6*n + 5*t = -4*n - 2797. What is the tens digit of n?
0
Suppose m - 40 = -3*m. Let k = m - 10. Suppose -2*l + 16 + 8 = k. What is the units digit of l?
2
Suppose 0 = -o - 1 - 0. Let t be 2 + 0 + o - 27. Let d = 18 - t. What is the tens digit of d?
4
Suppose -6*k + 280 + 302 = 0. What is the units digit of k?
7
Let v = 358 - 240. What is the tens digit of v?
1
Suppose 3*q - 5*y = 5520, -4*y - 5170 = -3*q + 347. What is the tens digit of q?
3
Let a be ((-38)/(-6))/(1/6). Let d = a - 24. Let p = d + -13. What is the units digit of p?
1
Suppose 0 = 4*i - u + 4*u - 8, 5*u - 20 = 0. Let a(r) be the second derivative of 9*r**4/4 + r**3/3 + r**2/2 - 63*r. What is the units digit of a(i)?
6
Let x(k) = -465*k - 18. What is the units digit of x(-1)?
7
Suppose 4*n - 1 - 31 = 0. Suppose -501 = -n*w - 149. What is the tens digit of w?
4
Let h(v) = -3*v**2 - 2*v + 14. Let c be h(-6). Let f = -26 - c. What is the units digit of f?
6
Let c = 0 + -16. Let v = c - -20. Suppose 0 = -0*h - v*h + 116. What is the units digit of h?
9
Let z(i) = -562*i - 28. Let j be z(-4). Suppose y - j = -11*y. What is the hundreds digit of y?
1
Let o(i) = -i**2 - 11*i - 7. Let c be 8/28 + (-325)/35. What is the tens digit of o(c)?
1
Let p = 171 - 171. Suppose 3*v + h - 133 = 0, -48 = -v - 4*h - p*h. What is the tens digit of v?
4
What is the units digit of (9275/100)/(2/24)?
3
Let f = 2709 - -78. What is the hundreds digit of f?
7
Suppose 5*v + 9 + 21 = 0. Let b be (-8)/(-5)*(-15)/v. Suppose 0 = b*y + 16, -r + 1 = 2*y - 0. What is the units digit of r?
9
Suppose 2*y + 2*y - 12 = 0. Let n = y + -10. What is the tens digit of 6/(-21) - 128/n?
1
Suppose 0 = -5*y + 2*y + 39. Let q(a) = a**3 - 14*a**2 + 14*a - 7. Let v be q(y). Let g = v - -30. What is the units digit of g?
6
Suppose -d - 4*f + 450 = 0, 4*f = -2*d + 401 + 511. What is the tens digit of d?
6
Let u = 39 - 40. What is the tens digit of 2401/28 - u/4?
8
What is the units digit of 1400/4 + (-1 - -1)/1?
0
Suppose 12*y - 4140 = 204. What is the tens digit of y?
6
Let b(f) = 2*f**2 + 18*f - 14. Let h(s) = 3*s**2 + s + 10. Let g be h(3). Let y = g - 52. What is the units digit of b(y)?
8
Let n(q) = q**2 + 11*q - 105. What is the hundreds digit of n(-31)?
5
Suppose 4*h - 14 = 2*g, 2*h + g + 15 = 6*h. Let z be -2 + (-10 + 2)/h. What is the units digit of 8 + (-7)/(14/z)?
0
Suppose -3*n - 9 = n - c, -4*n + 4*c = 0. Let m be (n/(-9))/(-1)*-12. Suppose 7*s = m*s + 84. What is the units digit of s?
8
What is the hundreds digit of (-2)/4 + 0 + (-22290)/(-20)?
1
Suppose 4*m + 3*k = 91, 4*m + 22 = 5*m + k. Suppose -9*y = -m - 56. What is the units digit of y?
9
Suppose -2*q - 5*s + 21 = 0, -2*s = -4*q + 2*s - 28. What is the units digit of (-30)/(-3)*(-11)/q?
5
Let m = -154 + 144. Let f = 105 - m. What is the units digit of f?
5
Let z = 6 - -12. Suppose 4*v = -3*i + 14, 2*i + v - 17 = -i. Suppose -i*u = -9*u + z. What is the units digit of u?
6
Let u(c) = -10*c - 169. What is the hundreds digit of u(-36)?
1
Suppose -y + 0*y = 2*a - 751, 0 = 3*y + 3*a - 2259. What is the units digit of 